 z(36)?
8
Let g(b) = 11*b + 35. Let l be g(-4). What is the tens digit of (9*7/(-42))/(l/984)?
6
Let y be 441/(-14)*4/(-6). Let r be 57/y + (-6)/(-21). Suppose -3 = -u, -3*i - r*u = -u - 204. What is the units digit of i?
6
Let m be 2/9 - (-10 - 615/27). What is the tens digit of (-22)/m + 6054/9 + -1?
7
Let g(b) = 11*b - 19*b + 52*b + 17*b + 40. What is the units digit of g(3)?
3
Suppose 43 = 505*j - 162 - 1310. What is the units digit of j?
3
Suppose 0 = -4*q - n - 4, -n + 3*n + 4 = -4*q. What is the tens digit of (60/(-9) + -1)*(q - 2)?
2
Suppose 0 = -5*y + 2*v + 122452, -2*v - 58900 + 181348 = 5*y. What is the thousands digit of y?
4
Let u be (75/30)/((-2)/(-16)). What is the tens digit of (310 + -6)/(5*2/u)?
0
Let c = 1130 + 7152. What is the tens digit of c?
8
Let s be (20/(-6))/((-26)/(-6) - 4). Let z be (s/6 - 0)*(-2 + -22). Suppose -12*i + 332 = -z. What is the units digit of i?
1
Let r(z) = z**3 - 4*z**2 + 2*z - 5. Let s be r(4). Suppose 977 - 4111 = -2*k + 2*i, s*k = i + 4691. Suppose 9*p + 2*p - k = 0. What is the tens digit of p?
4
Suppose -13*c + 7216 = -90. Let f = c + -214. What is the tens digit of f?
4
Let s(l) = l**3 - 5*l**2 - 8*l - 22. Let b be s(8). Suppose 4*k - b = 2122. What is the units digit of k?
7
Let c be (-6 - -2)*35/(-28). Suppose j = c*f - 9*f + 7172, -2*f - 2*j + 3586 = 0. What is the hundreds digit of f?
7
Let i be 2 + -51*(-10)/15. Let o be 1116/(-14) + i/(-126). What is the units digit of o/12*54/(-4)?
0
Suppose -8*f - 726 = 3*f. Let q = -65 - f. What is the units digit of q*(-4 + 3 - -222)?
1
Suppose -4*o + 5*b = -47, 3*o = 2*b - b + 27. Suppose o*v = 26 - 146. What is the units digit of 190/3 - 10/v?
4
Let y(w) = 80*w**2 - 4*w - 24. What is the tens digit of y(10)?
3
Let i be (-492)/48 + 10 + (-9)/(-4). What is the hundreds digit of (453/i*(-4)/(-3))/1?
3
Let g(v) = -v**3 - 9*v**2 + 12*v + 23. Let i be g(-10). Suppose 5*h = 2*r - 150, -8*h = 5*r - i*h - 445. What is the tens digit of r?
8
Suppose 0 = -7*b - 15 - 20. Let i(w) = -5*w - 14. What is the units digit of i(b)?
1
What is the units digit of (0 - -3)*(-133413)/(-63)?
3
Let t be (-1 - (-129)/(-9))*-3. Suppose -t*d + 42*d + 1508 = 0. What is the hundreds digit of d?
3
Let i be (-18)/3*6/(-9). Suppose -234 = -4*p + i*d + 154, -2*d = 4. What is the units digit of p?
5
Let a be 10/(-4)*-78*2. Let r(i) = 7*i**2 + 95*i + 26. Let v be r(-14). What is the units digit of (v/(-51))/((-4)/a)?
0
Let g(u) = 3*u - 20. Let h be g(8). Suppose -h*t - j = t - 3680, 5*j + 3680 = 5*t. Suppose 3*o - t = -46. What is the hundreds digit of o?
2
Let k = -248 - 294. Suppose -3*v + 5*i - 26 - 8 = 0, -v - 22 = i. What is the tens digit of 3/v + k/(-12)?
4
Let z(o) = 2*o**2 + 6*o - 6. Let f be z(-4). Suppose 4*u - 6 = -2, -f*w = 4*u - 604. Suppose -8*s + w = -868. What is the hundreds digit of s?
1
Let i = -137 + 241. Let r = i - 42. Suppose -5*l - 53 = -4*k + 192, k = 2*l + r. What is the units digit of k?
0
Let w = -3 - -5. Suppose -40 = 4*l + 4*h, w*l + 8*h - 3*h + 29 = 0. Let k(x) = -9*x - 20. What is the units digit of k(l)?
3
Let r be (55 - -1)/((-12)/(-6)). Let g be (-3 - (-92)/r) + (-24)/(-14). What is the units digit of 1/(g/20*10/65)?
5
Let a = -78 - -80. Let x be (0 + -3 + a)/(1/(-2)). Let j(i) = 30*i**3 - 3*i**2 + 7*i - 3. What is the hundreds digit of j(x)?
2
Let j = -138 + 73. Suppose 0*m - 372 = 3*m. Let q = j - m. What is the units digit of q?
9
Let a(d) = -1202*d + 378. What is the hundreds digit of a(-43)?
0
Let k(x) = 916*x**3 - 2*x**2 - x + 3. Suppose -2*g - 5*c - 23 = 0, -3*g + 6 = -2*g - c. What is the units digit of k(g)?
6
Let g = -308 + 200. Let t be (-354)/(4/((-4)/2*1)). Let v = g + t. What is the units digit of v?
9
Let d(s) = 99*s + 305. Let c be d(-4). Let p be 304/2 + (0 - 2). Let j = p + c. What is the units digit of j?
9
Suppose 12*r = 5*r + 4921. Suppose -4*v = 2*z - 356, -v = -4*z - 0*v + r. What is the hundreds digit of z?
1
Let l(m) = -207*m - 134. Let d be l(-21). Suppose -d = 19*f - 30*f. What is the units digit of f?
3
Suppose 0 = b + 4*p - 584, -b - 3*p - 105 + 688 = 0. Let z = b - 339. What is the hundreds digit of z?
2
Let v = 57 - 43. Let f(b) = -v*b + 52*b - 19 + 22 + 5*b. What is the tens digit of f(2)?
8
Suppose -2*f + 5*y + 1540 = 0, 5*y = 3*f + 2*y - 2301. Let z = f + -217. What is the tens digit of z?
4
What is the hundreds digit of 9/(306/1823335)*2/5?
4
Suppose -74*m + 78*m = 9*g - 84369, -g = -5*m - 9347. What is the thousands digit of g?
9
Suppose -3*s - 12 = -5*v, 3*v - s - 4 = -v. Suppose 2*o + 21 = -5*u - v*o, -15 = 4*u + o. What is the units digit of -3*(68/u - -1)?
5
Let t(p) = 4*p**2 + 5*p - 55. Let n be t(5). Suppose 8*u - 1362 = n. What is the hundreds digit of u?
1
Let h be 3*-59 + (-16)/4 + 8. Let j = -276 - -196. Let v = j - h. What is the tens digit of v?
9
Suppose 0*d - 5*d - 2*q - 283 = 0, 3*d + 5*q + 185 = 0. Let a = -24 - d. Let f = a - -49. What is the tens digit of f?
8
Let o(q) = -2*q**3 + 16*q**2 + q - 9. Let a be o(8). What is the hundreds digit of (a - (-347)/2)*(35 + -31)?
6
Let n = 94 + -409. Let o = 1249 + n. Suppose x - o = -5*h + 69, -4*h = 3*x - 798. What is the tens digit of h?
0
Suppose -2*w - 2*w + 2700 = 0. Suppose -3*l + 612 = -w. What is the tens digit of l?
2
Suppose 0 = 4*v - 7*v - 12. Let f(o) = -o**3 - 5*o**2 - 5*o - 4. Let x be f(v). Suppose m - 5*m = -2*g + 198, x = 5*g + 2*m - 435. What is the units digit of g?
9
Let s = 4989 - 2486. What is the hundreds digit of s?
5
Let g be (36/(-14))/((-12)/112). Suppose 32752 - 6472 = g*d. What is the tens digit of d?
9
Let h(k) = 484*k**2 - 10*k + 46. Let r(v) = 242*v**2 - 5*v + 24. Let y(s) = 4*h(s) - 7*r(s). What is the tens digit of y(2)?
7
Let k be (8/(-16))/((-2)/(-268)). Let x = -59 - k. What is the tens digit of 734/x - ((-18)/(-8))/3?
9
What is the thousands digit of 115792030/3050 + (-14)/40 + (-2)/8?
7
Let v = 131 - 153. What is the tens digit of (-7564)/(-22) - 4/v?
4
Suppose 9 = 27*w - 24*w. Suppose 0 = 2*g - w*h - 1553, -4*g + 440 = -h - 2661. What is the units digit of g?
5
Let r(f) = 2298*f**2 + 185*f + 676. What is the tens digit of r(-5)?
0
Let v(c) = 3*c**2 - 4*c + 9. Let t be v(9). Suppose 6*x - 559 = x - 2*o, -2*x + 3*o = -t. What is the units digit of x?
1
Let w = 290 + -297. What is the units digit of 74/(-259) - 2753/w?
3
Suppose -o + 252 = -3*x - 2*o, 0 = 2*x - o + 168. What is the tens digit of 1/((-3)/9) + (-4 - x)?
7
Let g = -175 - -177. Suppose -74 = -j + g*i + 736, 3*j = 5*i + 2429. What is the units digit of j?
8
Let m(r) = 92*r - 30. Let x(j) = 5*j + 70. Let v be x(-13). What is the units digit of m(v)?
0
Suppose -7*t - 340 = -17*t. Let j be (-38)/95 - (t/(-10) - 1). Suppose -1298 = -5*w + 4*n - 148, -3*n - 921 = -j*w. What is the tens digit of w?
3
Let a be ((-28)/(-3))/(78/117). Let l(h) = 21*h - 61. What is the tens digit of l(a)?
3
Let h(u) = -212*u + 2756. Let t be h(13). Let x(p) = p + 3*p**3 + 2*p**2 + 214 - 4*p**3 + p. What is the hundreds digit of x(t)?
2
Suppose -3*b + 5*a = 75, 5*b + 85 = -11*a + 6*a. Let d(k) = -39*k - 172. What is the hundreds digit of d(b)?
6
Suppose 360*a - 456*a = -584160. What is the thousands digit of a?
6
Let a be (49015/45 - (-2)/(-9)) + -5. Suppose -16*x + a = 5*w - 19*x, -5*x = 15. What is the tens digit of w?
1
Suppose 3*c + 49*k - 53*k - 34841 = 0, -3*c = k - 34831. What is the units digit of c?
1
Suppose -3*y - 22 = -5*g - 5*y, 3*y - 7 = -g. Suppose -g*v - 3*s = -v + 360, -4*s + 110 = -v. What is the tens digit of -2 - (2 - v)/(-3)?
3
Let r = 2063 - -34125. What is the thousands digit of r?
6
What is the tens digit of 24/56 - (1 + (-164152)/28)?
6
Suppose -8*y - 539 + 515 = 0. What is the hundreds digit of y/(50/(-75) - (-1259)/1902)?
6
Let o = -7 - -10. Let q be (o/(-3))/((-4)/12). Let s(v) = 6*v**3 - 6*v**2 + 5*v - 1. What is the units digit of s(q)?
2
Let y(s) be the first derivative of -s**3/3 - 9*s**2/2 + 3*s - 1. Suppose -4437*h - 27 = -4434*h. What is the units digit of y(h)?
3
Let x(r) = -9*r**3 - r**2 - 3*r - 1. Let i be x(-1). Suppose -q - 8*f = -i*f - 11, 0 = 3*f - 3. What is the tens digit of q?
1
Let a(q) = 999*q - 7726. What is the tens digit of a(23)?
5
Let n(p) = -p + 15. Let h be n(4). Suppose -5*w + 9 = -h. Suppose 8*v = w*v + 372. What is the tens d